{"id":2549,"date":"2014-07-16T17:02:40","date_gmt":"2014-07-16T15:02:40","guid":{"rendered":"https:\/\/tore.sawah.mobi\/?page_id=2549"},"modified":"2014-07-16T18:53:54","modified_gmt":"2014-07-16T16:53:54","slug":"kalktriften-bei-willebadessen","status":"publish","type":"page","link":"https:\/\/tore.sawah.mobi\/?page_id=2549","title":{"rendered":"Kalktriften bei Willebadessen"},"content":{"rendered":"<p><strong>Mit dem Fl\u00fcgelschlag des Bl\u00e4ulings<\/strong><\/p>\n<p>Ausgedehnte Schafweiden bedecken die Muschelkalkh\u00e4nge n\u00f6rdlich von Willebadessen. Auf den ersten Blick wirken die Weidefl\u00e4chen im Sommer sonnenverbrannt und karg. Bei genauerem Hinschauen offenbart sich jedoch eine Artenvielfalt,\u00a0die ihresgleichen sucht. Abertausende von bunten\u00a0Bl\u00fcten recken sich der Sonne entgegen und der Duft aromatischer Kr\u00e4uter verleiht den Kalktriften ein mediterranes Flair &#8211; ein Paradies f\u00fcr Sonnenanbeter wie unsere heimischen Schmetterlinge! \u00dcber 50 Tagfalterarten wurden hier bisher nachgewiesen.<\/p>\n<p>Im Kulturland Kreis H\u00f6xter gibt es deshalb kaum ein geeigneteres Gebiet, um die farbenpr\u00e4chtige Welt der Schmetterlinge kennen zu lernen. Ein\u00a0spezieller \u201eSchmetterlingspfad\u201c f\u00fchrt \u00fcber die\u00a0Kalktriften.<\/p>\n<p>Folgen Sie dem gaukelnden Flug der Falter und lernen Sie auf Ihrer Wanderung \u00fcber\u00a0die Triften Neues und Interessantes \u00fcber das\u00a0Leben dieser faszinierenden Tiergruppe kennen. Der \u201eSchmetterlingspfad\u201c selbst ist Bestandteil des \u201eHitgenheierweges\u201c, welcher auf einer L\u00e4nge von 12,5 km die herrliche Landschaft rund um Willebadessen erschlie\u00dft.<\/p>\n<p><strong>Das Markenzeichen der Kalktriften &#8211; der Kreuzenzian und sein Bl\u00e4uling<\/strong><\/p>\n<p>Die s\u00fcd- oder westgeneigten H\u00e4nge der Kalktriften sind ein extremer, durch sommerliche Hitze und Wasserknappheit gekennzeichneter Lebensraum mit niedrigem Bewuchs &#8211; es handelt sich um Kalk-Halbtrockenrasen. Die Lebensgemeinschaften der Halbtrockenrasen z\u00e4hlen zu den artenreichsten in Mitteleuropa. Mit Recht wurden sie unter europaweiten Schutz gestellt.<\/p>\n<p>Neben den Orchideen sind Enziane besonders\u00a0charakteristisch f\u00fcr die Kalk-Halbtrockenrasen. Unter ihnen findet sich auch der gr\u00f6\u00dfte heimische Enzian, der Kreuzenzian. Der in Mitteleuropa seltene Enzian dient den Raupen eines noch\u00a0selteneren Schmetterlings, des Kreuzenzian-Ameisenbl\u00e4ulings, als Futterpflanze. In Mitteleuropa\u00a0sind beide Arten, Pflanze und Falter, nirgends so h\u00e4ufig anzutreffen wie im Kreis H\u00f6xter.<\/p>","protected":false},"excerpt":{"rendered":"<p>Mit dem Fl\u00fcgelschlag des Bl\u00e4ulings Ausgedehnte Schafweiden bedecken die Muschelkalkh\u00e4nge n\u00f6rdlich von Willebadessen. Auf den ersten Blick wirken die Weidefl\u00e4chen im Sommer sonnenverbrannt und karg. Bei genauerem Hinschauen offenbart sich jedoch eine Artenvielfalt,\u00a0die ihresgleichen sucht. Abertausende von bunten\u00a0Bl\u00fcten recken sich der Sonne entgegen und der Duft aromatischer Kr\u00e4uter verleiht den Kalktriften ein mediterranes Flair &#8211; [&hellip;]<\/p>\n","protected":false},"author":2,"featured_media":2487,"parent":0,"menu_order":0,"comment_status":"open","ping_status":"open","template":"","meta":{"ngg_post_thumbnail":0},"_links":{"self":[{"href":"https:\/\/tore.sawah.mobi\/index.php?rest_route=\/wp\/v2\/pages\/2549"}],"collection":[{"href":"https:\/\/tore.sawah.mobi\/index.php?rest_route=\/wp\/v2\/pages"}],"about":[{"href":"https:\/\/tore.sawah.mobi\/index.php?rest_route=\/wp\/v2\/types\/page"}],"author":[{"embeddable":true,"href":"https:\/\/tore.sawah.mobi\/index.php?rest_route=\/wp\/v2\/users\/2"}],"replies":[{"embeddable":true,"href":"https:\/\/tore.sawah.mobi\/index.php?rest_route=%2Fwp%2Fv2%2Fcomments&post=2549"}],"version-history":[{"count":2,"href":"https:\/\/tore.sawah.mobi\/index.php?rest_route=\/wp\/v2\/pages\/2549\/revisions"}],"predecessor-version":[{"id":2569,"href":"https:\/\/tore.sawah.mobi\/index.php?rest_route=\/wp\/v2\/pages\/2549\/revisions\/2569"}],"wp:featuredmedia":[{"embeddable":true,"href":"https:\/\/tore.sawah.mobi\/index.php?rest_route=\/wp\/v2\/media\/2487"}],"wp:attachment":[{"href":"https:\/\/tore.sawah.mobi\/index.php?rest_route=%2Fwp%2Fv2%2Fmedia&parent=2549"}],"curies":[{"name":"wp","href":"https:\/\/api.w.org\/{rel}","templated":true}]}}