{"id":2596,"date":"2014-07-17T14:01:40","date_gmt":"2014-07-17T12:01:40","guid":{"rendered":"https:\/\/tore.sawah.mobi\/?page_id=2596"},"modified":"2014-07-17T14:01:40","modified_gmt":"2014-07-17T12:01:40","slug":"weidenpalais-im-nethetal","status":"publish","type":"page","link":"https:\/\/tore.sawah.mobi\/?page_id=2596","title":{"rendered":"Weidenpalais im Nethetal"},"content":{"rendered":"<p><strong>Tr\u00e4umen unter gr\u00fcnen D\u00e4chern<\/strong><\/p>\n<p>In idyllischer Lage, in direkter Nachbarschaft des Parks von Schloss Rheder und am Ufer des Fl\u00fcsschens Nethe, ist ein weiteres Schmuckst\u00fcck der &#8222;Erlesenen Natur&#8220; entstanden. Das Weidenpalais im Nethetal ist ein lebendes Bauwerk aus Hunderten von Weidenruten. Es soll sich in den kommenden Jahren zu einem gr\u00fcnen Treffpunkt f\u00fcr Jung und Alt entwickeln, der symbolhaft die Lebenskraft und Sch\u00f6nheit der Natur widerspiegelt.<\/p>\n<p>Zwei Spazierwege &#8211; der Pfad &#8222;Wasserwelten&#8220; und der Pfad &#8222;Waldwelten&#8220; &#8211; erschlie\u00dfen vom Weidenpalais aus den idyllischen Landschaftspark um Schloss Rheder.<\/p>\n<p><strong>Imposante Ma\u00dfe<\/strong><\/p>\n<p>Mit rund 30 Metern L\u00e4nge und 10 Metern H\u00f6he ist das Weidenpalais ein wahrhaftiger Hingucker. Seine zwei T\u00fcrme erinnern an das Westwerk in Corvey und kn\u00fcpfen so an die vielf\u00e4ltige Klosterlandschaft an. Eine gro\u00dfe Kuppel ist gleicherma\u00dfen Ruheraum und Trib\u00fcne f\u00fcr Veranstaltungen, ein geschwungener Bogengang l\u00e4dt Kinder zum verstecken und toben ein. Das gr\u00fcne Bauwerk ist die meiste Zeit des Jahres f\u00fcr jedermann frei zug\u00e4nglich, kann aber auch f\u00fcr Hochzeiten und andere Feste oder Veranstaltungen gebucht werden (siehe Rubrik &#8218;Kontakt&#8216;).<\/p>\n<p><strong>Internationales Gemeinschaftswerk<\/strong><\/p>\n<p>Der Bau des Weidenpalais im Fr\u00fchjahr 2012 war etwas ganz Besonderes. Sch\u00fcler und Jugendliche, Menschen mit Beeintr\u00e4chtigungen, freiwillige Helfer aus dem ganzen Kreis und sogar die Mitglieder eines internationalen Jugend-Workcamps legten unter der Anleitung erfahrener Experten gemeinsam Hand an &#8211; auf den Einsatz von Maschinen wurde komplett verzichtet!<\/p>\n<p><strong>Herrschaftlich eingebettet<\/strong><\/p>\n<p>Das Weidenpalais liegt umrahmt von der Nethe, dem Siekbach und alten Gutsgeb\u00e4uden am Rande des historischen Landschaftsparks. Frisch angelegte Wege nehmen die Idee des Parks auf und f\u00fchren zum Palais und hinunter zur Nethe, wo eine neu geschaffene Uferstelle zum Verweilen und Spielen einl\u00e4dt. Auch einer der drei historischen Eisteiche, die einst der Gewinnung von K\u00fchleis dienten, ist teilweise wieder bef\u00fcllt worden. Bis zum Ende des Jahres entsteht abschlie\u00dfend ein Weiden-Lehrpfad, der die ganze Vielfalt dieser Gew\u00e4chse und ihre wichtige Bedeutung f\u00fcr die Kulturlandschaft im Kreis H\u00f6xter zeigt.<\/p>\n<p><strong>Im Wechsel der Jahreszeiten&#8230;<\/strong><\/p>\n<p>&#8230;pr\u00e4sentiert sich das Weidenpalais ganz unterschiedlich, ist aber immer einen Besuch wert.<\/p>\n<p><strong>Ausflugstipp<\/strong><\/p>\n<p>Wie bedeutsam die Weiden und ihre Nutzung auch f\u00fcr die Menschen waren, erschlie\u00dft sich bei einem Besuch im Korbmachermuseum von Dalhausen an der B 241 zwischen Beverungen und Warburg. Im 19. Jahrhundert war in dem Ort fast jeder Haushalt an der Herstellung oder dem Handel mit K\u00f6rben beteiligt.<\/p>","protected":false},"excerpt":{"rendered":"<p>Tr\u00e4umen unter gr\u00fcnen D\u00e4chern In idyllischer Lage, in direkter Nachbarschaft des Parks von Schloss Rheder und am Ufer des Fl\u00fcsschens Nethe, ist ein weiteres Schmuckst\u00fcck der &#8222;Erlesenen Natur&#8220; entstanden. Das Weidenpalais im Nethetal ist ein lebendes Bauwerk aus Hunderten von Weidenruten. Es soll sich in den kommenden Jahren zu einem gr\u00fcnen Treffpunkt f\u00fcr Jung und [&hellip;]<\/p>\n","protected":false},"author":2,"featured_media":2483,"parent":0,"menu_order":0,"comment_status":"open","ping_status":"open","template":"","meta":{"ngg_post_thumbnail":0},"_links":{"self":[{"href":"https:\/\/tore.sawah.mobi\/index.php?rest_route=\/wp\/v2\/pages\/2596"}],"collection":[{"href":"https:\/\/tore.sawah.mobi\/index.php?rest_route=\/wp\/v2\/pages"}],"about":[{"href":"https:\/\/tore.sawah.mobi\/index.php?rest_route=\/wp\/v2\/types\/page"}],"author":[{"embeddable":true,"href":"https:\/\/tore.sawah.mobi\/index.php?rest_route=\/wp\/v2\/users\/2"}],"replies":[{"embeddable":true,"href":"https:\/\/tore.sawah.mobi\/index.php?rest_route=%2Fwp%2Fv2%2Fcomments&post=2596"}],"version-history":[{"count":1,"href":"https:\/\/tore.sawah.mobi\/index.php?rest_route=\/wp\/v2\/pages\/2596\/revisions"}],"predecessor-version":[{"id":2597,"href":"https:\/\/tore.sawah.mobi\/index.php?rest_route=\/wp\/v2\/pages\/2596\/revisions\/2597"}],"wp:featuredmedia":[{"embeddable":true,"href":"https:\/\/tore.sawah.mobi\/index.php?rest_route=\/wp\/v2\/media\/2483"}],"wp:attachment":[{"href":"https:\/\/tore.sawah.mobi\/index.php?rest_route=%2Fwp%2Fv2%2Fmedia&parent=2596"}],"curies":[{"name":"wp","href":"https:\/\/api.w.org\/{rel}","templated":true}]}}